ine b(19).
-8
Let l(x) = 7*x**3 - 2*x**2 + 2*x + 4. Let o(a) be the first derivative of -3*a**4/2 + 2*a**3/3 - a**2 - 3*a - 201. Let c(m) = -4*l(m) - 5*o(m). Determine c(2).
11
Let k(a) = -a - 5. Suppose 0 + 1 = f, -2*x = 3*f - 9. Let d be 15/x*(-84)/(-60). Determine k(d).
-12
Let k = -18440 - -18437. Let j(q) = -38*q - 16. Calculate j(k).
98
Let m(o) be the third derivative of -o**6/45 + o**5/60 + o**4/24 + 28*o**3/3 - o**2 - 7*o. Let h(a) be the first derivative of m(a). Determine h(-2).
-35
Let j(y) = y**2 - 14*y + 62. Let h(o) = -2*o**2 - o + 3. Let v(k) = h(k) + j(k). Give v(-19).
-11
Let u(n) = 11*n. Let g be u(1). Let k(c) = 1 - 2 - 5*c + g*c. Suppose -91*m = -6*m + 36*m - 121. Calculate k(m).
5
Let j(f) = -109381*f + 21 + 109404*f + 47 + 5*f**2 - 19. Determine j(-2).
23
Suppose -7 = -3*v + 4*g, -v + 5*g = 2*v - 11. Let h(i) be the first derivative of i**4/4 + i**3 - 2*i**2 - 4*i + 22. Determine h(v).
8
Let y(w) = -10*w**2 + w - 2. Suppose -1023 + 15 = -4*z + 5*u, -5*u = 0. Let i = z - 250. Determine y(i).
-40
Let g(l) be the second derivative of -l**4/12 + l**3/3 + 5*l**2/2 + 4*l - 805. Let s(z) = 2*z - 7. Let d be s(6). Determine g(d).
-10
Let l(y) = -11*y**2 - 44*y + 4. Let x be l(-4). Suppose -x*g - 5*i = -69, 10*i + 59 = 4*g + 5*i. Let z(f) = f**2 - 17*f + 13. Calculate z(g).
-3
Suppose -3*a - 5 + 14 = 0. Let h(c) = -2*c**2 - 17 - 751*c + 750*c + a*c**2. Give h(0).
-17
Let k(w) be the third derivative of w**6/720 + 3*w**5/40 + 8*w**4/3 - 204*w**2. Let t(f) be the second derivative of k(f). Determine t(-16).
-7
Let m = 58 - -6. Let s = 79 - m. Let v(c) = -3*c**2 - c**3 + s + 10 + 4*c - 29. Give v(-4).
-4
Let r(w) = -w**3 + 5*w**2 - w + 7. Let f = 33 - 17. Suppose -21*n = -1079 + 1037. Suppose 0 = n*z + 2*z + f, -4*g = -3*z - 32. What is r(g)?
2
Let j(p) = -p**3 - 5*p**2 + p + 1. Let i(b) = -b**2 + 36*b**3 - 22*b**3 - 18*b**3. Let t be i(-1). Suppose -2*c = 10, 0*f + t*c + 20 = -f. What is j(f)?
-4
Let k(j) = -11*j**3 + 4*j + 4. Let n be k(-1). Suppose 3*u - n = 4. Let a(o) = 2*o + 0*o - o**2 + 3*o - 2. What is a(u)?
-2
Let i = 1093 - 1102. Let w(q) = -q**2 - 7*q - 14. Determine w(i).
-32
Let c(z) = 2*z**2 - 79*z + 33. Let l = -2111 + 2150. Calculate c(l).
-6
Let c be (-66)/(-9) + ((-6)/(-9))/(-2). Suppose 2*w - c = 11. Let k = w - 5. Let m(p) = -p**3 + 4*p**2 + 3*p - 5. Calculate m(k).
7
Let x(s) = s**3 - 11*s**2 - 11*s - 13. Let m(f) = -36*f + 175. Let l be m(-13). Let q = l - 631. What is x(q)?
-1
Let s(x) = 11*x - 31. Let z be s(3). Let h(u) = -2011*u**3 + 4*u**z - 2*u + u**2 - 4*u + 5 + 2012*u**3. Give h(-6).
5
Let i(c) = -c**2 - 21*c + 56. Let v be 7/(-42)*(2 + 1) + 141/(-6). Calculate i(v).
-16
Let y(r) = -63*r - 60. Let o(v) = -16*v - 17. Let c(m) = -18*o(m) + 5*y(m). Determine c(-1).
33
Let v(f) = 11*f**2 + f - 17. Let r(w) = -7*w**2 - w + 11. Let z = -168 + 163. Let c be 1/(-2) + (-75)/10. Let h(s) = c*r(s) + z*v(s). What is h(-3)?
-3
Let o(g) = g**3 - 3*g**2 - 378*g - 8. Let x be o(-18). Let v(z) = -18*z - 161. Determine v(x).
-17
Let a(d) = 11*d + 3. Let k be (31/62)/(2/4) - -3. Let m be ((-4)/(-3))/(-1*k/6). What is a(m)?
-19
Suppose -24*g - 30 = -30*g. Let l(r) = 4*r**2 - r + 1. Let i be l(-2). Let t(c) = i*c - 38*c - 2 + 20*c. What is t(g)?
3
Let m(i) be the second derivative of -i**5/20 + 3*i**4/4 + 11*i**3/3 + i**2 - 4227*i - 2. Calculate m(11).
2
Let w(a) = 4*a**3 - a**2 + 2*a + 1. Let r(x) = -14*x**3 - 13*x**2 - 14*x - 27. Let i(p) = -r(p) - 4*w(p). Give i(9).
-4
Suppose 2*h + 5*v = -2*h + 20, -4 = 4*h - v. Let x(y) be the second derivative of y**5/20 + y**4/12 - y**3/6 + y**2 - 6*y. Calculate x(h).
2
Let a(q) = 28*q - 655. Let g(k) = 11*k - 270. Let m(t) = 5*a(t) - 12*g(t). What is m(11)?
53
Let j(x) = x + 8. Suppose 4*a - 3*a - 2 = 0. Let b(o) = o + 8. Let m(h) = a*b(h) - 3*j(h). Suppose 26 - 14 = -2*f. Determine m(f).
-2
Let v(c) = 258*c + 197 - 150*c - 147*c. Give v(5).
2
Let u(o) = 1 + 3*o + o**3 - 3*o**2 - 6*o**2 + 3*o**2. Let b(p) = 8*p - 9 + 29*p**2 - 30*p**2 - 2. Let i be b(4). What is u(i)?
-9
Let a(w) = -2*w**2 - 8*w - 10. Let o be 19470/140 + (-2)/28. Suppose -n - 143 + o = 0. Calculate a(n).
-10
Let k(q) = q + 1. Let h(g) = 11*g**3 - 2*g**2. Let i be h(2). Suppose i = -10*o + 5*o. Let x = -20 - o. Calculate k(x).
-3
Let m(n) be the third derivative of -n**6/120 + n**5/30 - n**4/6 + 13*n**3/6 + 30*n**2 - 39. Calculate m(3).
-8
Let b(u) = -7*u**2 + 2*u - 7. Let m(g) = -20*g**2 + 5*g - 21. Let f(h) = 17*b(h) - 6*m(h). Let n be (-750)/12*(0 + 2). Let i = 119 + n. Determine f(i).
19
Let o(t) = -2404*t**2 + 2*t + 103 - 22*t + 2403*t**2. Give o(4).
7
Let m be (-224)/(-28) - -15*(-1)/3. Let p(l) = 4*l**2 - 7. Give p(m).
29
Let b(f) = 7*f - 8. Let h = 10617 + -10635. Determine b(h).
-134
Let h(k) = 0*k - 137*k**2 + 78*k**2 - 3*k - k - 11 + 60*k**2. Determine h(9).
34
Let l(p) = -p**3 - 1. Let i be (-4)/(-40) + (-15284)/40. Let z = i + 380. Give l(z).
7
Let r(i) = i**3 - 15*i**2 + 27*i - 26. Let d be r(13). Let a be (2/(-3))/((65/60)/d). Let k(f) = -f**3 + 9*f**2 - 11*f + 11. Give k(a).
-13
Let a be (-9 - -3 - -9)/1. Let n be (-4 - a) + 10 + -5. Let o(z) = 2*z + 3. What is o(n)?
-1
Let w(v) = -8*v**2 + 5*v + 5. Let n(p) = -p**2 + p. Let k(r) = 6*n(r) - w(r). What is k(-2)?
1
Let y(a) be the first derivative of -a**4/4 + 13*a**3/3 - 11*a**2/2 + 18*a - 575. What is y(12)?
30
Suppose a = 3*a - 16. Let w(t) = -8*t**2 - 2 - 10868*t + 0 + 10872*t + t**3. What is w(a)?
30
Let h(w) be the second derivative of -4*w**3 + 309*w**2/2 - 8697*w. What is h(12)?
21
Let x = -24921 - -24923. Let p(n) be the first derivative of n + n**3 - 1/2*n**2 - 1/4*n**4 + x. Determine p(3).
-2
Let a(f) = 4*f + 15. Let s(l) = -2*l - 7. Let c(y) = y - 21. Let p be c(17). Let v(o) = p*a(o) - 9*s(o). What is v(-5)?
-7
Let d(k) = 99*k + 1179. Let c be d(-12). Let m(x) = x**3 + 9*x**2 - 3*x - 16. What is m(c)?
11
Let a be (-125 - (-7 + 5))*-1. Let p = a - 121. Let i(s) = -251 - p*s + 251 + 6*s. Give i(1).
4
Let d(o) = -4*o + 858 - 351 - 433 - o**2 + 5*o. Calculate d(0).
74
Let s = 7 + 1. Let g(k) = -k + 13. Let l be g(s). Let f be l*(-5)/(-50)*-6. Let q(o) = -2*o - 2. Calculate q(f).
4
Let z(a) = -a**2 - 11*a - 13. Let s be 2*45/42*(-3 - -10). Suppose -5*u + 90 = -s*u. What is z(u)?
5
Let u(f) be the third derivative of f**5/60 + f**4/2 - 14*f**3/3 - 226*f**2. Determine u(-14).
0
Let m(v) be the third derivative of -v**4/12 + 13*v**3/2 - 103*v**2. Determine m(20).
-1
Let p(d) = -d**2 + 2*d + 1. Suppose 4*b = 5*u - 30, -b = 14*u - 10*u - 3. Let i(y) = 4*y**2 - y. Let f(r) = u*p(r) + i(r). What is f(-3)?
11
Let y(u) = -35*u**3 - 1. Let c(n) = n**2 + 5*n + 10. Let g be c(-2). Suppose 3*z + g*m + 13 = 0, z = 2*m + m + 13. Determine y(z).
-36
Let x(o) be the third derivative of -o**4/24 + 2*o**3 + 5*o**2. Let w(s) = -s**3 - 18*s**2 + 221*s + 4055. Let r be w(-16). Give x(r).
5
Let q(u) be the first derivative of -u**3/3 - u**2/2 + 13*u - 958. Determine q(0).
13
Suppose -3*s - 2*p = -5*p, -2*s + p = 0. Let r(x) be the third derivative of -x**3 + 2*x**2 + 0*x - 4 + 1/60*x**5 + 0*x**4. Determine r(s).
-6
Suppose -20 = 4*l - 4*i, -8 = l - 2*i - 2*i. Let n be (-5)/l - 2/8. Let c(r) be the first derivative of -r**4 - r**3/3 - r**2/2 + r - 9. Give c(n).
-5
Let m(j) = 5206*j - 7 - 5*j**2 + 4*j**2 - 5194*j. Give m(13).
-20
Let z(h) = -17*h - 94. Let i(l) = 10*l + 53. Let c(w) = -5*i(w) - 3*z(w). Calculate c(-4).
13
Let s be (-5 + 0)*8/10. Let g(x) = -28*x + x**2 - 35*x - 36*x + 3 - 27*x + 125*x. Give g(s).
23
Let u(v) = 5*v**2 + 7*v - 15. Let i(y) = 4*y**2 + 7*y - 14. Let b(l) = -4*i(l) + 3*u(l). Suppose 53 + 128 = -22*p - 17. Give b(p).
-7
Let j(d) = 10*d**3 - d**2. Let a(q) = 2*q**2 - 5*q - 3. Let i be a(4). Suppose -13 = -r - 0*u + 3*u, -3*u = 3*r + i. Calculate j(r).
9
Let j(n) be the first derivative of 14*n**2 + n - 2019. Determine j(-2).
-55
Let m(g) = 23*g - 30*g - 4*g + 8 + 21*g. Give m(-1).
-2
Let v(c) = -c**2 + 20*c - 41. Suppose 0 = -2*o - 2*h - 4 + 44, 0 = -o + h + 18. Determine v(o).
-22
Suppose -7 = -3*p - m, 1 + 5 = -p - 2*m. Let b(v) = v**2 - 48 + p*v + 97 - 52. Let a be 1/(-4) - 38/8. Determine b(a).
2
Let i(d) = -946*d**2 + 44 + 506*d**2 - 23*d + 489*d**2 + 2*d**3. Calculate i(-25).
-6
Let y(t) be the first derivative of t**3/3 + 4*t**2 +